 is the units digit of 4895?
5
What is the ten thousands digit of 430746?
3
What is the units digit of 5153771?
1
What is the thousands digit of 4651947?
1
What is the tens digit of 6368082?
8
What is the hundred thousands digit of 7424789?
4
What is the units digit of 7244772?
2
What is the units digit of 4065565?
5
What is the hundreds digit of 3249648?
6
What is the hundred thousands digit of 1985905?
9
What is the tens digit of 3389?
8
What is the tens digit of 192645?
4
What is the thousands digit of 200224?
0
What is the hundred thousands digit of 188772?
1
What is the ten thousands digit of 211275?
1
What is the units digit of 95485?
5
What is the tens digit of 8110323?
2
What is the millions digit of 2070313?
2
What is the thousands digit of 88081?
8
What is the hundred thousands digit of 2722430?
7
What is the ten thousands digit of 664970?
6
What is the hundreds digit of 16089758?
7
What is the ten thousands digit of 789789?
8
What is the tens digit of 13108877?
7
What is the hundreds digit of 855943?
9
What is the units digit of 82355?
5
What is the hundreds digit of 1479060?
0
What is the hundred thousands digit of 290936?
2
What is the hundreds digit of 1389874?
8
What is the units digit of 42925?
5
What is the thousands digit of 2017260?
7
What is the thousands digit of 7574?
7
What is the thousands digit of 722113?
2
What is the thousands digit of 600706?
0
What is the thousands digit of 1607826?
7
What is the thousands digit of 13383241?
3
What is the thousands digit of 1571804?
1
What is the units digit of 10923025?
5
What is the units digit of 2428757?
7
What is the thousands digit of 915044?
5
What is the millions digit of 6963025?
6
What is the hundreds digit of 3811993?
9
What is the ten thousands digit of 4862880?
6
What is the tens digit of 224896?
9
What is the hundreds digit of 12135177?
1
What is the tens digit of 1078818?
1
What is the hundreds digit of 1468093?
0
What is the tens digit of 231508?
0
What is the millions digit of 9863676?
9
What is the hundreds digit of 16171?
1
What is the thousands digit of 4570673?
0
What is the ten thousands digit of 362940?
6
What is the units digit of 232307?
7
What is the thousands digit of 152215?
2
What is the units digit of 102985?
5
What is the units digit of 148811?
1
What is the hundreds digit of 914848?
8
What is the tens digit of 2293403?
0
What is the tens digit of 11860631?
3
What is the millions digit of 4187171?
4
What is the hundreds digit of 346804?
8
What is the hundred thousands digit of 223488?
2
What is the millions digit of 9965047?
9
What is the units digit of 2645480?
0
What is the thousands digit of 2017013?
7
What is the thousands digit of 296983?
6
What is the units digit of 2998634?
4
What is the units digit of 25142?
2
What is the ten thousands digit of 1192996?
9
What is the tens digit of 200511?
1
What is the thousands digit of 467149?
7
What is the tens digit of 848556?
5
What is the tens digit of 46438?
3
What is the tens digit of 916711?
1
What is the tens digit of 4240216?
1
What is the ten thousands digit of 690304?
9
What is the tens digit of 299470?
7
What is the tens digit of 721787?
8
What is the tens digit of 16569612?
1
What is the hundred thousands digit of 17962395?
9
What is the tens digit of 2999423?
2
What is the tens digit of 11320095?
9
What is the hundred thousands digit of 12484626?
4
What is the hundred thousands digit of 179738?
1
What is the thousands digit of 1339332?
9
What is the tens digit of 657554?
5
What is the units digit of 3111505?
5
What is the ten thousands digit of 22810939?
1
What is the ten thousands digit of 256998?
5
What is the tens digit of 2954484?
8
What is the thousands digit of 687645?
7
What is the units digit of 402719?
9
What is the ten thousands digit of 6759303?
5
What is the hundreds digit of 563632?
6
What is the units digit of 358909?
9
What is the hundred thousands digit of 1324401?
3
What is the hundred thousands digit of 237928?
2
What is the hundreds digit of 1599579?
5
What is the hundred thousands digit of 15970687?
9
What is the thousands digit of 10518986?
8
What is the hundred thousands digit of 754970?
7
What is the millions digit of 3408885?
3
What is the hundred thousands digit of 103396?
1
What is the units digit of 2659000?
0
What is the hundred thousands digit of 1990810?
9
What is the units digit of 3319933?
3
What is the hundreds digit of 685065?
0
What is the hundred thousands digit of 2474377?
4
What is the hundreds digit of 163434?
4
What is the thousands digit of 621799?
1
What is the ten thousands digit of 360419?
6
What is the units digit of 20408059?
9
What is the units digit of 84867?
7
What is the thousands digit of 444411?
4
What is the hundred thousands digit of 1636366?
6
What is the millions digit of 2934141?
2
What is the thousands digit of 33767110?
7
What is the tens digit of 126414?
1
What is the thousands digit of 168008?
8
What is the millions digit of 8442917?
8
What is the units digit of 245983?
3
What is the units digit of 22018977?
7
What is the thousands digit of 289057?
9
What is the tens digit of 5049213?
1
What is the hundreds digit of 282972?
9
What is the units digit of 2718623?
3
What is the ten thousands digit of 226931?
2
What is the hundred thousands digit of 6861671?
8
What is the hundreds digit of 49045?
0
What is the units digit of 21407?
7
What is the ten thousands digit of 5451411?
5
What is the hundreds digit of 330722?
7
What is the thousands digit of 62155?
2
What is the ten thousands digit of 214165?
1
What is the thousands digit of 208748?
8
What is the tens digit of 2930605?
0
What is the ten thousands digit of 13717140?
1
What is the hundred thousands digit of 39378092?
3
What is the hundreds digit of 100039?
0
What is the hundred thousands digit of 8058799?
0
What is the tens digit of 93336?
3
What is the millions digit of 4937408?
4
What is the hundreds digit of 6475001?
0
What is the millions digit of 3030941?
3
What is the tens digit of 7787417?
1
What is the hundreds digit of 1378987?
9
What is the units digit of 310907?
7
What is the tens digit of 76057?
5
What is the units digit of 441357?
7
What is the tens digit of 5395644?
4
What is the units digit of 7238891?
1
What is the ten thousands digit of 2983702?
8
What is the hundred thousands digit of 3813489?
8
What is the units digit of 575327?
7
What is the thousands digit of 1336020?
6
What is the hundred thousands digit of 1493530?
4
What is the ten thousands digit of 778183?
7
What is the hundred thousands digit of 803390?
8
What is the ten thousands digit of 86962?
8
What is the hundred thousands digit of 8410782?
4
What is the units digit of 13264532?
2
What is the thousands digit of 5785422?
5
What is the hundreds digit of 26086?
0
What is the millions digit of 15037955?
5
What is the ten thousands digit of 699313?
9
What is the ten thousands digit of 75695?
7
What is the ten thousands digit of 232578?
3
What is the units digit of 669439?
9
What is the units digit of 277611?
1
What is the hundreds digit of 260876?
8
What is the thousands digit of 4535776?
5
What is the ten thousands digit of 78217?
7
What is the hundred thousands digit of 405194?
4
What is the thousands digit of 7050518?
0
What is the thousands digit of 1576212?
6
What is the tens digit of 8427744?
4
What is the millions digit of 1696268?
1
What is the ten thousands digit of 698395?
9
What is the thousands digit of 5922764?
2
What is the hundreds digit of 5825595?
5
What is the hundreds digit of 12426062?
0
What is the thousands digit of 451515?
1
What is the hundred thousands digit of 3437529?
4
What is the thousands digit of 4173809?
3
What is the ten thousands digit of 609940?
0
What is the millions digit of 32243173?
2
What is the units digit of 672494?
4
What is the units digit of 35925950?
0
What is the ten thousands digit of 7461743?
6
What is the millions digit of 8495371?
8
What is the tens digit of 561001?
0
What is the tens digit of 21506?
0
What is the tens digit of 926281?
8
What is the ten thousands digit of 5589657?
8
What is the thousands digit of 9974765?
4
What is the hundred thousands digit of 967084?
9
What is the hundred thousands digit of 2669618?
6
What is the ten thousands digit